ided by 26.
25
Calculate the remainder when 99975137 is divided by 5419.
6
What is the remainder when 94149 is divided by 103?
7
What is the remainder when 1285992 is divided by 284?
40
Calculate the remainder when 20011343 is divided by 31967.
1
What is the remainder when 4144660 is divided by 332?
304
Calculate the remainder when 305811821 is divided by 123.
119
What is the remainder when 392176 is divided by 1183?
603
What is the remainder when 680277 is divided by 1163?
1085
What is the remainder when 31176092 is divided by 6235212?
32
Calculate the remainder when 74958 is divided by 8319.
87
Calculate the remainder when 444175 is divided by 4161.
3109
Calculate the remainder when 12044425 is divided by 47.
17
Calculate the remainder when 678430 is divided by 16153.
4
What is the remainder when 116515145 is divided by 92?
89
What is the remainder when 549253 is divided by 9634?
115
What is the remainder when 14779067 is divided by 53?
17
Calculate the remainder when 32830505 is divided by 543.
182
Calculate the remainder when 894246 is divided by 3072.
294
What is the remainder when 292442 is divided by 6983?
6139
What is the remainder when 86658 is divided by 28865?
63
Calculate the remainder when 89669 is divided by 1987.
254
What is the remainder when 68000 is divided by 22641?
77
What is the remainder when 126054 is divided by 17997?
75
What is the remainder when 30295981 is divided by 2163996?
37
Calculate the remainder when 430502 is divided by 766.
10
Calculate the remainder when 2906533 is divided by 2510.
2463
What is the remainder when 203310275 is divided by 57?
53
Calculate the remainder when 23931387 is divided by 1743.
1740
What is the remainder when 442293 is divided by 4522?
3659
What is the remainder when 198183 is divided by 189?
111
Calculate the remainder when 5169808 is divided by 1867.
85
Calculate the remainder when 17920349 is divided by 5973447.
8
Calculate the remainder when 10063404 is divided by 1145.
1144
Calculate the remainder when 824238 is divided by 8676.
18
Calculate the remainder when 395206202 is divided by 98801548.
10
What is the remainder when 6642581 is divided by 6792?
5
What is the remainder when 117526 is divided by 3893?
736
Calculate the remainder when 172207 is divided by 752.
751
Calculate the remainder when 20199946 is divided by 6733311.
13
What is the remainder when 1289789 is divided by 429925?
14
Calculate the remainder when 81262860 is divided by 33.
30
What is the remainder when 1442708 is divided by 16208?
196
What is the remainder when 13308995 is divided by 1459?
1456
Calculate the remainder when 243176217 is divided by 35.
32
What is the remainder when 11013 is divided by 279?
132
Calculate the remainder when 15231735 is divided by 3508.
3507
Calculate the remainder when 2071037 is divided by 2070957.
80
What is the remainder when 50394758 is divided by 13?
11
Calculate the remainder when 19432680 is divided by 9716332.
16
Calculate the remainder when 52214264 is divided by 2900792.
8
What is the remainder when 1866842 is divided by 768?
602
What is the remainder when 2082064 is divided by 694015?
19
Calculate the remainder when 1528270 is divided by 15.
10
Calculate the remainder when 161012 is divided by 629.
617
Calculate the remainder when 38375 is divided by 3710.
1275
Calculate the remainder when 24759610 is divided by 8253200.
10
What is the remainder when 13950 is divided by 2640?
750
Calculate the remainder when 5944968 is divided by 219.
213
Calculate the remainder when 131372 is divided by 292.
264
Calculate the remainder when 7994996 is divided by 96.
20
Calculate the remainder when 14273318 is divided by 493.
475
Calculate the remainder when 2174691 is divided by 2788.
51
Calculate the remainder when 138363009 is divided by 137.
133
What is the remainder when 6487748 is divided by 4363?
4330
Calculate the remainder when 14821405 is divided by 9.
7
Calculate the remainder when 1196839 is divided by 398133.
2440
Calculate the remainder when 686129 is divided by 38101.
311
What is the remainder when 978229 is divided by 86?
65
What is the remainder when 10507426 is divided by 8?
2
Calculate the remainder when 1722106 is divided by 57403.
16
What is the remainder when 104725180 is divided by 255?
250
What is the remainder when 1606687 is divided by 792?
511
What is the remainder when 12256507 is divided by 22?
21
Calculate the remainder when 13924099 is divided by 142.
5
Calculate the remainder when 55349 is divided by 768.
53
Calculate the remainder when 8114462 is divided by 904.
158
What is the remainder when 75961 is divided by 9495?
1
What is the remainder when 49151 is divided by 370?
311
Calculate the remainder when 675375 is divided by 1247.
748
What is the remainder when 73814 is divided by 2397?
1904
What is the remainder when 7131615 is divided by 964?
907
Calculate the remainder when 4892846 is divided by 4892698.
148
Calculate the remainder when 2367638 is divided by 2135.
2058
Calculate the remainder when 76728 is divided by 3063.
153
Calculate the remainder when 2699479 is divided by 224944.
151
What is the remainder when 384932125 is divided by 28?
25
Calculate the remainder when 1394118 is divided by 695962.
2194
What is the remainder when 1189783 is divided by 2581?
2523
What is the remainder when 68879133 is divided by 3?
0
Calculate the remainder when 268635 is divided by 133752.
1131
Calculate the remainder when 1955651 is divided by 5093.
5032
Calculate the remainder when 28637978 is divided by 17.
16
What is the remainder when 17117 is divided by 13206?
3911
What is the remainder when 352227 is divided by 349774?
2453
What is the remainder when 154020 is divided by 15394?
80
What is the remainder when 1490404 is divided by 15520?
484
What is the remainder when 827699 is divided by 22976?
563
What is the remainder when 158418 is divided by 39604?
2
What is the remainder when 16756302 is divided by 18?
12
What is the remainder when 770046 is divided by 25?
21
What is the remainder when 4325130 is divided by 3074?
12
What is the remainder when 9905 is divided by 1946?
175
Calculate the remainder when 1036227 is divided by 1666.
1641
Calculate the remainder when 59597074 is divided by 4256933.
12
Calculate the remainder when 3849122 is divided by 1440.
2
Calculate the remainder when 2893916 is divided by 29834.
18
What is the remainder when 142662 is divided by 4196?
4194
Calculate the remainder when 7986028 is divided by 347218.
14
Calculate the remainder when 1251208 is divided by 317.
9
Calculate the remainder when 789333 is divided by 394663.
7
What is the remainder when 5782 is divided by 196?
98
Calculate the remainder when 2412180 is divided by 185552.
4
What is the remainder when 446347 is divided by 250?
97
What is the remainder when 32577338 is divided by 14?
10
Calculate the remainder when 87928 is divided by 83537.
4391
Calculate the remainder when 119605968 is divided by 5980.
5968
What is the remainder when 5830207 is divided by 803?
427
What is the remainder when 120580499 is divided by 750?
749
Calculate the remainder when 33757 is divided by 4216.
29
Calculate the remainder when 82615 is divided by 3373.
1663
Calculate the remainder when 116265 is divided by 966.
345
Calculate the remainder when 94945 is divided by 9014.
4805
Calculate the remainder when 5766700 is divided by 18.
4
Calculate the remainder when 55265 is divided by 18364.
173
Calculate the remainder when 383846 is divided by 223.
63
Calculate the remainder when 292991 is divided by 56.
55
What is the remainder when 10424246 is divided by 750?
746
What is the remainder when 47191 is divided by 9?
4
What is the remainder when 8954296 is divided by 249?
7
What is the remainder when 1597718 is divided by 319498?
228
What is the remainder when 87389366 is divided by 221?
220
Calculate the remainder when 411512895 is divided by 632.
631
What is the remainder when 8849096 is divided by 7776?
8
What is the remainder when 237122 is divided by 29427?
1706
Calculate the remainder when 9171 is divided by 6482.
2689
What is the remainder when 36681 is divided by 3696?
3417
What is the remainder when 235646517 is divided by 510?
507
What is the remainder when 285991 is divided by 5